?
3, 5
Let r(l) = l**2 - 2*l - 1. Let h be r(-1). Let w be 1/(-1)*(2 - h). Suppose 5*v - 66 - 39 = w. What are the prime factors of v?
3, 7
Suppose 0 = -14*t + 439 - 10799. Let l = -231 - t. What are the prime factors of l?
509
Let v(y) = 25*y + 2880. Let k be v(0). Suppose 11*a - k = 8*a. List the prime factors of a.
2, 3, 5
Let a be 0/12 - -1*13. Suppose 2*o = 3*q - 17, q - 2 - a = 2*o. What are the prime factors of (o*(0 - -2))/((-20)/310)?
7, 31
Let q = -1187 - -7926. What are the prime factors of q?
23, 293
Let v be 2 + -1 + 0 - (0 - 29). Suppose 2 = -2*r + v. Let j = 26 - r. List the prime factors of j.
2, 3
Let d be 3*16/18*6. Suppose -d*v = -5*v. Suppose v = 4*t - 4*c - 416, -5*t - c = -3*t - 217. List the prime factors of t.
107
Let i = -15479 - -23650. What are the prime factors of i?
8171
What are the prime factors of ((-1184)/(-112))/(-37) - (-315639)/7?
67, 673
Suppose -873*n + 870*n - 4*g = -235325, 3*n + g - 235337 = 0. List the prime factors of n.
3, 79, 331
Let z(g) = 29407*g - 317. List the prime factors of z(3).
2, 41, 67
Suppose -6*h + 10 = 2*p - 3*h, -4*p - 3*h = -14. Suppose 4*b - 12 = p*b. Suppose 506 + 640 = b*r. List the prime factors of r.
191
Let l be (-20)/5 + 5 - 4. What are the prime factors of (-14578)/(-111) + (-2)/l?
2, 3, 11
Let w be (-1 - (-2 - -1)) + (-30 - -20). List the prime factors of (130*(-25)/w)/1.
5, 13
Let z(l) = l**3 - 26*l**2 + 34*l + 5. Let b be z(24). Let f = -320 - b. List the prime factors of f.
11
Let y(p) = p**3 - 8*p**2 - 13*p - 14. Let j be y(12). Let r(g) = g**3 - g**2 - 6*g - 23. Let k be r(7). Let s = j - k. What are the prime factors of s?
3, 59
List the prime factors of (8/(-6))/2*(5204979/18)/(-39).
4943
Let n = 231 + -149. Let h be 253/4 + (-4)/16. Let y = n - h. List the prime factors of y.
19
Let g(j) = 4*j. Let b be g(-6). Let h = -20 - b. Suppose h*r - 26 = 34. What are the prime factors of r?
3, 5
Let l = 2541 - -1658. List the prime factors of l.
13, 17, 19
Let f(n) = 51*n + 77. Let a = 110 - 104. What are the prime factors of f(a)?
383
Suppose 30441 = 20*o + 561. Let u = o - 728. What are the prime factors of u?
2, 383
Suppose 119 = 4*m - 5*t + 2*t, -3*t + 115 = 5*m. Suppose m*f - 24*f = 2830. Suppose f - 221 = 6*w. List the prime factors of w.
199
Suppose -6*h + 16 = -5*h. Let z = 23 - h. List the prime factors of (-44)/z*(-42)/12.
2, 11
Suppose 387 + 249 = 2*v. Suppose 0*b + 6*b - v = 0. Suppose b = -2*w + 403. What are the prime factors of w?
5, 7
Let s(l) = -7*l**3 + 10*l**2 + 17*l - 31. Let t(i) = 6*i**3 - 11*i**2 - 16*i + 30. Let r(u) = -5*s(u) - 6*t(u). List the prime factors of r(15).
5, 73
Let b = 131 - 126. Suppose 2*q = b*q - 2211. What are the prime factors of q?
11, 67
Let m be (-1042)/(-7) - 2/(-14). Suppose 2*t - 5*b + 161 = 0, 2*t - 3*b + 22 = -m. Let u = t - -106. List the prime factors of u.
13
What are the prime factors of (-1 - 91/35)/((-3)/2685)?
2, 3, 179
Suppose -4 = 52*l - 51*l. List the prime factors of (-9)/(-12) + ((-3737)/l - -1).
2, 3, 13
Suppose 14*h = -452 + 158. Let r = h - -686. What are the prime factors of r?
5, 7, 19
Suppose -253*d = -13*d - 3126240. List the prime factors of d.
2, 3, 13, 167
List the prime factors of 1646996/(35 - 9) + (-1)/((-2)/10).
3, 7039
Let n(s) = 11*s - 8. Let v be n(1). What are the prime factors of (v + -7 - -117) + 7?
2, 3, 5
Let x(f) = -230*f + 5347. What are the prime factors of x(-33)?
17, 761
Let x(y) = 12*y - 19. Let m be x(2). Suppose -15 = m*w, -4*o = o - 3*w - 1264. List the prime factors of o.
251
What are the prime factors of 28913/2 - (-1 + 9/18)?
3, 61, 79
Let q be (-6)/((2 - 27/12)*-6). Let l be q/(12/(-3)) + (-14)/2. Let j(n) = 2*n**2 - 11*n - 5. What are the prime factors of j(l)?
7, 19
Let j be 85*-1 + 1*(-4)/(-1). Let q = j + 84. What are the prime factors of (-1)/q + (-4039)/(-21)?
2, 3
Suppose -d = 2*d - 3. Let y(x) = x + 2. Let z be y(d). Suppose 32 = z*j - 112. What are the prime factors of j?
2, 3
Suppose d + 230 = -m, -14*m + 12*m - 689 = 3*d. Let o = -485 - -343. Let a = o - d. List the prime factors of a.
3, 29
Let o(u) = -u**3 - u**2 + 3*u - 4. Suppose -199 = -3*x + k, 0*k + 62 = x + 4*k. Suppose -2*q - 9*q - x = 0. List the prime factors of o(q).
2, 79
Suppose a = 24*j - 22*j - 29910, 0 = -3*j - 2*a + 44886. List the prime factors of j.
2, 3, 277
Let l(d) = 90*d + 91. Let b be l(7). Suppose 3*j - 3649 = -3*p - b, 0 = -4*j + 3*p + 3869. What are the prime factors of j?
971
Let n = 16783 - 4924. List the prime factors of n.
3, 59, 67
Let g(c) = -2104*c**2 - 6*c + 21 + 4250*c**2 - 2106*c**2 + 14*c. What are the prime factors of g(-3)?
3, 7, 17
Suppose -4*f - f + 265 = 0. Suppose -2*j + 102 = -4*a, 2*a + 2*j + 36 = -30. Let u = f + a. What are the prime factors of u?
5
Let n be -5*(-4 - -7)/(-3). Let y(o) = -61*o - 1. Let x be y(-1). Suppose -5*i = -n - x. What are the prime factors of i?
13
Suppose 0 = -24*z + 6 + 18. Let g(i) = 76*i - 10*i + 2*i. What are the prime factors of g(z)?
2, 17
Suppose -2*y - 153 = -159. What are the prime factors of (-2)/3 + (-10)/y*-467?
2, 389
Let h(x) = -18 + 30*x**3 - 31*x**3 - 3*x + x. Let d be h(0). Let f = d + 62. What are the prime factors of f?
2, 11
Let q(r) = -21*r + 8. Let t(y) = y + 1. Let s(c) = -c**3 - 20*c**2 + c + 21. Let w be s(-20). Let l(d) = w*q(d) - 5*t(d). What are the prime factors of l(-1)?
29
Let q(l) = 83*l**2 + 95*l + 13. List the prime factors of q(5).
11, 233
Let a(c) = -2*c + 10. Let m be a(5). Suppose m*h - 812 = -7*h. List the prime factors of h/4 - (-1 + 3).
3
Let r = 118 + 1085. Let y = r - 858. What are the prime factors of y?
3, 5, 23
Let b = 2667 + -2665. Let o(r) = r**2. Let m be o(2). Suppose b*d - 90 = 4*j, -m*d + 0*j + 186 = -2*j. What are the prime factors of d?
47
Suppose q = 56 + 22. Let v = 18 - q. List the prime factors of (0 - (-66)/10) + (-24)/v.
7
Suppose -47*h = -36*h - 28*h + 472821. What are the prime factors of h?
3, 73, 127
Suppose -14*z + 288 = -6*z. Let p = -34 + z. List the prime factors of (-3)/(-3) - -2 - 2/p.
2
Let q = 14848 - -23108. List the prime factors of q.
2, 3, 3163
Suppose 0 = x + 4*f - 24060, 4*x - 54608 = -5*f + 41632. List the prime factors of x.
2, 3, 5, 401
Suppose -w = -0*w - 5. Let v(c) = 6*c + 12. Let d be v(w). Suppose h = -3*p + 70, -7*h = 2*p - 4*h - d. What are the prime factors of p?
2, 3
What are the prime factors of 3714 + 81 + -46 - 2/4*2?
2, 937
List the prime factors of 212/(-24) - (-5)/6 - -12600.
2, 787
Suppose 18 = 4*m + g - 3*g, -m = 3*g - 15. Suppose 5*c = -m + 26. Suppose -c*i - 5*z + 605 = 0, 2*i - z - 398 = -99. What are the prime factors of i?
2, 3, 5
Suppose -6*a = 4*a + 2910. Let w = a - -468. List the prime factors of w.
3, 59
Suppose 2*w = -5*z + 519 + 1079, -4 = -w. Suppose 3*o - 3*t - z = 0, -7*o = -9*o + 4*t + 222. What are the prime factors of o?
101
Suppose -5*z - 4*s + 27 = 0, -3*s = -2*z - 5*s + 12. Let q(i) = 104*i + 1. List the prime factors of q(z).
313
Suppose 4*s = 2*q - 96, -2*s - 37 = -2*q + 49. Let t = q - 46. What are the prime factors of 2511/12 + (-5 - 46/t)?
2, 3, 5, 7
Let x(c) = 4*c**3 + 25*c**2 + 4*c - 65. List the prime factors of x(16).
22783
Let s = 42 - 40. Let b be s - (78/(-9))/((-2)/(-6)). What are the prime factors of ((-21)/b)/(1/(-116))?
3, 29
Suppose 43*m + 11412 = 4*i + 42*m, -20 = -5*m. List the prime factors of i.
2, 1427
Let g(o) = -4*o - 23. Suppose -3*c + 4*w - 40 = 2*c, c = -4*w - 8. Let q be g(c). Suppose -5*r + 95 = -y - q, -3*r + 66 = 3*y. List the prime factors of r.
3, 7
Let q = -17 - -48. Suppose -q*a = -27188 + 5674. List the prime factors of a.
2, 347
List the prime factors of (40060/40)/(2/12) - (-1 - -3).
6007
Suppose 0 = -4*a - 1 + 9. Suppose -5 = -o - 7, a*p - 350 = -5*o. What are the prime factors of p?
2, 3, 5
Suppose 3*i - 31833 = -2*c, -4158*i + 4157*i + 15919 = c. List the prime factors of c.
2, 3, 1327
Suppose 0 = 3*f - 4*z - 9, -15 = -5*f + 2*z - 5*z. Suppose -w = -3*m - f, 5*w - 25 + 10 = m. Suppose w*k - 173 = 7. List the prime factors of k.
2, 3, 5
Let s = 78260 + -55026. What are the prime factors of s?
2, 11617
Suppose 24 = 2*w + 2*w. Let j(f) = 29*f - 189. Let c be j(7). List the prime factors of w/c - (-7055)/35.
2, 101
Suppose 0 = 10*a - 927 - 913. Let j = a + -76. What are the prime factors 